 - 13937. What is the ten thousands digit of j?
1
Suppose 33*r - 193183 = -39*r + 117785. What is the tens digit of r?
1
Let m(n) = -30*n - 3. Let r be m(-1). Let o be (-2)/(-4) - 10*r/12. Let i(k) = 2*k**2 + 34*k - 45. What is the tens digit of i(o)?
7
Let r(m) = 23*m + 10. Let v(p) = 23*p + 11. Let t(s) = 7*r(s) - 6*v(s). Let b be t(1). What is the units digit of (-73)/(-2) + b/18?
8
Suppose -5*d = 3*k - 7643, 5*k - 4*d + 10204 = 9*k. What is the hundreds digit of k?
5
Suppose 3*m - 89917 = 5*p, 239*m + 3*p + 29975 = 240*m. What is the tens digit of m?
6
Suppose 4*x + z = 60350 + 11226, -x - 3*z = -17894. What is the hundreds digit of x?
8
Let c = -13 - -33. Suppose t + 3*t = c. Suppose -3*j - 2*x = -6*j + 35, -j + t*x + 3 = 0. What is the tens digit of j?
1
Let i(l) = -l**3 + 8*l**2 + 9*l + 5. Let y(v) = 8*v. Let c be y(1). What is the units digit of i(c)?
7
Let b = -69 + 90. Let c be b/(-3)*5300/(-70). Suppose c = 3*g + 74. What is the units digit of g?
2
Let j(a) = -a**2 - 3*a + 6. Let g be j(4). Let p be (-3)/(-15) - 1/(-10)*g. What is the tens digit of (-20)/5*68/p?
3
Let f = -117 + 695. Suppose 634 = 4*d - f. What is the hundreds digit of d?
3
Let s(d) = 30 + 0*d - 7*d - 5 - 10 + 16 + 32*d**2. What is the units digit of s(5)?
6
Suppose -3*h = -2*c - 35, -c = 5*h + 2*c - 71. Suppose 17*i - h*i = -8. What is the units digit of (-610)/(-4)*((-80)/(-25) + i)?
3
Let k = 3721 + 808. What is the units digit of k?
9
Suppose 3*i - 4*w + 1382 - 5481 = 0, i - 1364 = -w. Suppose -i = 5*g - 3*v - 3661, 2*v = -5*g + 2286. What is the tens digit of g?
5
Let a(k) = 4*k**2 + 29*k + 39. Let j be a(-2). Let q(f) = f**3 - 6*f**2 + f - 7. Let u be q(6). What is the units digit of 215 + 3 + u - j?
0
Suppose -7*h + 145 = 40. What is the tens digit of -332*5/(-60)*h?
1
Let c(w) = -w - 1. Let i(y) = -8*y - 17. Let v(h) = -5*c(h) + i(h). Let u be v(-6). Suppose 283 = u*t - 305. What is the units digit of t?
8
Let s(u) = 2*u**2 + 2*u - 8. Let k be s(2). Suppose 0 = 3*n, -4*h = k*n - 5659 + 2211. Suppose 170 + h = 4*r. What is the units digit of r?
8
Let h be 7/(21/12) + 1. Suppose 3*k - 2*x + 1 = 0, -3*k + 6*x + 4 = h*x. Suppose 47 = 4*f - u, -k = -u - 2. What is the units digit of f?
2
Let k = 32656 - 10568. What is the thousands digit of k?
2
Let m(r) = -18*r + 1777. What is the hundreds digit of m(-66)?
9
Suppose -3*o = -30 + 12. Let n be 16/o - ((-32)/6)/(-8). Suppose 2*j + n*f - 116 = 0, -j + 5*f + 151 = j. What is the tens digit of j?
6
Let f(j) = -15*j - 2*j**3 - 10 + 0*j**3 + 12*j**2 + j**2 + 3*j**3. Let i be f(-14). What is the hundreds digit of (-41)/(-4)*(13 + (3 - i))?
1
Let w(x) = x**2 - 19*x + 4. Let s be w(19). Suppose -s*q + 3*q = 2*q. Suppose 0*f = -3*f - 4*r + 569, q = 2*f + 2*r - 382. What is the hundreds digit of f?
1
Let u = 373 + 8480. What is the tens digit of u?
5
Let i(m) = 7*m**2 - 16*m + 102. Let v(x) = x**2 + x + 2. Let c(w) = i(w) - 6*v(w). What is the tens digit of c(23)?
1
Let w(g) = g**2 + 28*g + 3. Let y be w(-28). Suppose -5*o - 4*k = 19, -4*o + y*k + 2*k - 7 = 0. What is the tens digit of (o/((-9)/(-174)))/(-2)?
2
Let t be -1*((-2)/9 + 12595/99). Let o = 20 - t. Suppose 5*j + o = -f + 584, -5*j - 5*f = -425. What is the units digit of j?
8
Suppose 5*h + 3*p - 6*p = 12, 4*p - 4 = 0. Suppose -4*k = -0*k - 2*y - 5236, 0 = 4*k - h*y - 5240. What is the units digit of k?
7
Suppose 0 = -20479*o + 20461*o + 1282392. What is the hundreds digit of o?
2
What is the ten thousands digit of (-6)/33 + 0 + -9 + 2256900/165?
1
Suppose -7 = 3*v + 2*t, 3*v = 3*t + 12 + 6. Let d = -96 - -101. Suppose 0 = d*g - 844 - v. What is the units digit of g?
9
What is the thousands digit of 15813840/448*(-4)/(-5)?
8
Suppose -4*x - 12*x - 2*x = -221580. What is the tens digit of x?
1
Let m be (-3 - -4)/(-1) + 11 + 0. Let u = m - -15. What is the units digit of (u/20)/((-2)/(-64))?
0
Suppose 11*y - 66*y = -5*y - 134950. What is the units digit of y?
9
What is the tens digit of (-10)/(-40)*1688*(4 + -5 - -3)?
4
Let i(p) = -p + 16. Suppose -5*n = 3*u - 49, u - 2*n - 14 = -2*u. Let d be i(u). Suppose -5*b = -d*b + 9. What is the units digit of b?
3
Let p be (4 + 0 - 26)/2 + 2. What is the tens digit of ((-111)/(-20) + p/12)*5?
2
Let p(q) = -118*q - 53. Let u be -2 - (-12)/(-42)*7. What is the hundreds digit of p(u)?
4
Let i = -629 - -653. Suppose 8784 + 5784 = i*a. What is the hundreds digit of a?
6
Let j be 3/(-2)*20/(-15). Suppose -5*h + 3*w + j*w = 60, -4*h - 56 = -2*w. Let i = h + 34. What is the tens digit of i?
1
Let j be ((1 + -1 + -1)*0)/2. Suppose 2*q - 13*q + 4323 = j. Let i = -213 + q. What is the units digit of i?
0
Let l = -12 + 18. Suppose -21 + l = -5*o. Suppose o*v - 141 = -r, -2*r - 5*v = -140 - 142. What is the tens digit of r?
4
Let q(v) = 75*v - 1. Let j be q(4). Let x = 282 + j. What is the units digit of x?
1
Suppose -8569 - 18587 - 32376 = -12*u. What is the hundreds digit of u?
9
Let z(v) = 2*v + 16. Let o be z(-7). Suppose 0 = -5*u + o*s - 131, 0 = 3*s + 2*s - 15. What is the units digit of (u - -74)/(2/2)?
9
Let p(h) = -h + 8. Let i be p(0). Let q(u) = u**3 - 2*u**2 + u + 1. Let j be q(2). Suppose 5*d - 5 = a + 4*a, -4*d + i = -j*a. What is the units digit of a?
4
Let y(g) = 3*g**2 - 33*g - 6. Let q = -27 - -41. What is the tens digit of y(q)?
2
Suppose 9*j - 1584 = -90. Suppose -5604 = 160*u - j*u. What is the hundreds digit of u?
9
Let m(t) = -t**3 + 36*t**2 - 166*t + 8. What is the hundreds digit of m(29)?
0
Let h = -30342 + 57914. What is the ten thousands digit of h?
2
Suppose 0 = -4*c + 5*l + 779, 4*l - 984 = -10*c + 5*c. Suppose c*q - 190*q = 3732. What is the units digit of q?
2
Let c(u) = 895*u - 2762. What is the tens digit of c(25)?
1
What is the tens digit of 146745/(-180)*(6 - (-728)/(-12))?
6
Let j(x) = -5*x + 8. Let k be j(-6). Let q be 16 - (144 - 13)*-1. Let u = q - k. What is the hundreds digit of u?
1
Suppose -5*g = 3*t + 1725, 0*g + 2*t = 4*g + 1380. Suppose -2*k + 2*y = 1062, 8*k - 9*k - 525 = 2*y. Let p = g - k. What is the hundreds digit of p?
1
Let f = -15 + 14. Let u be f*10 + -6 + 3. What is the units digit of (1 + 0)*(-923)/u?
1
Suppose -4*y - 3*q + 1141 = 0, -4*q + 6*q - 1146 = -4*y. Let s = y - 168. Let v = s + -48. What is the tens digit of v?
7
Let w(z) = -z**3 - 15*z**2 - 2*z - 19. Let s = 2 + -17. Let r be w(s). Suppose r*m + 337 = 1415. What is the units digit of m?
8
Suppose 0 = -4*i - 0*i - 284. Let k = 41 + i. Let j = 109 + k. What is the units digit of j?
9
Suppose -l = 2*g - 13, -6*g + 40 = -g + 4*l. Suppose 0 = -2*u + 4*d + 1298, -g*d = 5*u - 6*u + 651. What is the hundreds digit of u?
6
Suppose -22*d = -20*d - 100. Let j = -8 + 13. Suppose -5*o + d = j*v, -2*v = 2*v - 5*o - 13. What is the units digit of v?
7
Let a = -10849 + 20289. What is the tens digit of a?
4
Let o(q) = -q - 85. Let z be o(0). Let j = z - -283. Suppose -4*g = -0*g, 0 = -2*y - 2*g + j. What is the units digit of y?
9
Let j be 10*(108/15 + -4). Let r be 2908/22 - j/176. Let n = r + 5. What is the hundreds digit of n?
1
Suppose -24*s + 5*i = -21*s - 226, s = -i + 70. Let r = s + -4. What is the tens digit of r?
6
Let w(h) = h**3 - 30*h**2 - 50*h + 88. Let b(r) = 3*r**3 - 59*r**2 - 99*r + 176. Let a(o) = 2*b(o) - 5*w(o). What is the hundreds digit of a(-30)?
1
Suppose -83*o = -218226 + 39444. What is the units digit of o?
4
Suppose -l + 281 + 11 = 4*n, 0 = 5*l - 20. Let f = n - 69. What is the units digit of (-13 + f)*(-120)/16?
5
Let g(p) = -7142*p - 169. What is the tens digit of g(-1)?
7
Let v be (8/6)/((-3663)/405 - -9). Let f(n) = n**3 + 32*n**2 + 34*n - 10. What is the units digit of f(v)?
0
Suppose -10 = -c - 5*t, -9 = -c + 2*t - 6*t. What is the tens digit of c + ((-1587)/(-18))/((-2)/(-12))?
3
Suppose 2*k - 9561 = z, 107*k + 2*z - 23898 = 102*k. What is the units digit of k?
0
Suppose -27*i - 21814 = -14*i. Let m = i + 2409. What is the tens digit of m?
3
Suppose -2826315 = -15*b - 19*b - 962809. What is the units digit of b?
9
Let b(p) = p**3 - 25*p**2 + 82*p - 13. Suppose 5*x - 39 = -3*h + 67, -h = -x + 26. What is the units digit of b(x)?
5
Let p(m) = m**2 - 5*m - 84. Let j be p(12). Suppose 469*v - 477*v + 15400 = j. What is the hundreds digit of v?
9
Let o = 1034 - 132. Let f = o - 632. What is the hundreds di